{"id":2372,"date":"2020-09-21T12:46:13","date_gmt":"2020-09-21T12:46:13","guid":{"rendered":"https:\/\/www.boeckli-buehler.ch\/?page_id=2372"},"modified":"2025-09-29T11:45:50","modified_gmt":"2025-09-29T11:45:50","slug":"meret-mueller","status":"publish","type":"page","link":"https:\/\/www.boeckli-buehler.ch\/de\/team\/meret-mueller\/","title":{"rendered":"MERET T. M\u00dcLLER"},"content":{"rendered":"<div id='full_slider_1'  class='avia-fullwidth-slider main_color avia-shadow   avia-builder-el-0  el_before_av_two_third  avia-builder-el-first   container_wrap sidebar_right'  ><div  class='avia-slideshow av-23iytj-79eda78744d3836f2732d14d90f4ffff avia-slideshow-no scaling av_slideshow_full avia-slide-slider av-slideshow-ui av-control-default av-slideshow-manual av-loop-once av-loop-manual-endless av-default-height-applied   avia-slideshow-1' data-slideshow-options=\"{&quot;animation&quot;:&quot;slide&quot;,&quot;autoplay&quot;:false,&quot;loop_autoplay&quot;:&quot;once&quot;,&quot;interval&quot;:5,&quot;loop_manual&quot;:&quot;manual-endless&quot;,&quot;autoplay_stopper&quot;:false,&quot;noNavigation&quot;:false,&quot;bg_slider&quot;:false,&quot;keep_padding&quot;:false,&quot;hoverpause&quot;:false,&quot;show_slide_delay&quot;:0}\"  itemprop=\"image\" itemscope=\"itemscope\" itemtype=\"https:\/\/schema.org\/ImageObject\" ><ul class='avia-slideshow-inner ' style='padding-bottom: 20.3125%;'><li  class='avia-slideshow-slide av-23iytj-79eda78744d3836f2732d14d90f4ffff__0  av-single-slide slide-1 slide-odd'><div data-rel='slideshow-1' class='avia-slide-wrap '   ><img decoding=\"async\" fetchpriority=\"high\" class=\"wp-image-2714 avia-img-lazy-loading-not-2714\"  src=\"https:\/\/www.boeckli-buehler.ch\/wp-content\/uploads\/2020\/05\/Header5-e1601463916350.jpg\" width=\"1280\" height=\"260\" title='Header5' alt=''  itemprop=\"thumbnailUrl\" srcset=\"https:\/\/www.boeckli-buehler.ch\/wp-content\/uploads\/2020\/05\/Header5-e1601463916350.jpg 1280w, https:\/\/www.boeckli-buehler.ch\/wp-content\/uploads\/2020\/05\/Header5-e1601463916350-300x61.jpg 300w, https:\/\/www.boeckli-buehler.ch\/wp-content\/uploads\/2020\/05\/Header5-e1601463916350-1030x209.jpg 1030w, https:\/\/www.boeckli-buehler.ch\/wp-content\/uploads\/2020\/05\/Header5-e1601463916350-768x156.jpg 768w, https:\/\/www.boeckli-buehler.ch\/wp-content\/uploads\/2020\/05\/Header5-e1601463916350-705x143.jpg 705w, https:\/\/www.boeckli-buehler.ch\/wp-content\/uploads\/2020\/05\/Header5-e1601463916350-450x91.jpg 450w\" sizes=\"(max-width: 1280px) 100vw, 1280px\" \/><\/div><\/li><\/ul><\/div><\/div><div id='after_full_slider_1'  class='main_color av_default_container_wrap container_wrap sidebar_right'  ><div class='container av-section-cont-open' ><div class='template-page content  av-content-small alpha units'><div class='post-entry post-entry-type-page post-entry-2372'><div class='entry-content-wrapper clearfix'>\n\n<style type=\"text\/css\" data-created_by=\"avia_inline_auto\" id=\"style-css-av-1rqk9r-91554438b88baaea855d4110f063eba8\">\n.flex_column.av-1rqk9r-91554438b88baaea855d4110f063eba8{\nborder-radius:0px 0px 0px 0px;\npadding:0px 0px 0px 0px;\n}\n<\/style>\n<div  class='flex_column av-1rqk9r-91554438b88baaea855d4110f063eba8 av_two_third  avia-builder-el-1  el_after_av_slideshow_full  el_before_av_one_third  avia-builder-el-first  first flex_column_div av-zero-column-padding  '     ><p>\n<style type=\"text\/css\" data-created_by=\"avia_inline_auto\" id=\"style-css-av-2o2zfo-d54e955dc6ab47796a9e8c9104dffb2f\">\n#top .av-special-heading.av-2o2zfo-d54e955dc6ab47796a9e8c9104dffb2f{\npadding-bottom:10px;\n}\nbody .av-special-heading.av-2o2zfo-d54e955dc6ab47796a9e8c9104dffb2f .av-special-heading-tag .heading-char{\nfont-size:25px;\n}\n.av-special-heading.av-2o2zfo-d54e955dc6ab47796a9e8c9104dffb2f .av-subheading{\nfont-size:15px;\n}\n<\/style>\n<div  class='av-special-heading av-2o2zfo-d54e955dc6ab47796a9e8c9104dffb2f av-special-heading-h1 blockquote modern-quote  avia-builder-el-2  el_before_av_textblock  avia-builder-el-first  av-linked-heading'><h1 class='av-special-heading-tag'  itemprop=\"headline\"  >MERET T. M\u00dcLLER<\/h1><div class='av-subheading av-subheading_below'><p>LL.M., Advokatin<\/p>\n<\/div><div class=\"special-heading-border\"><div class=\"special-heading-inner-border\"><\/div><\/div><\/div><br \/>\n<section  class='av_textblock_section av-1cb09r-72a0e51eee0fb168cba341583d1e4357 '   itemscope=\"itemscope\" itemtype=\"https:\/\/schema.org\/CreativeWork\" ><div class='avia_textblock'  itemprop=\"text\" ><p>Meret T. M\u00fcller ist in der Region Basel aufgewachsen und schloss 2017 ihr Rechtsstudium an der Universit\u00e4t Basel mit summa cum laude ab. Danach sammelte sie vielseitige Praxiserfahrung an verschiedenen Gerichten und bei der Staatsanwaltschaft. 2020 erwarb sie das basellandschaftliche Anwaltspatent und trat als Advokatin in das B\u00fcro b\u00f6ckli b\u00fchler partner ein. Seit 2023 ist sie dort als Senior Associate t\u00e4tig.<\/p>\n<p>2025 erweiterte sie ihre Expertise mit einem Master of Laws (LL.M.) im Gesellschafts- und Handelsrecht an der London School of Economics and Political Science (LSE). Damit erg\u00e4nzte sie ihre breite praktische Erfahrung um eine vertiefte theoretische Grundlage und eine internationale Perspektive.<\/p>\n<p>Die Schwerpunkte ihrer T\u00e4tigkeit liegen insbesondere in der Prozessf\u00fchrung sowie in der Beratung im Vertrags-, Arbeits- und Gesellschaftsrecht. Dank umfassender Erfahrung in gerichtlichen Verfahren erkennt Meret T. M\u00fcller rechtliche Risiken fr\u00fchzeitig und gestaltet Vertr\u00e4ge und L\u00f6sungen so, dass diese in der Praxis Bestand haben.<\/p>\n<p>Mandantinnen und Mandanten sch\u00e4tzen an ihr die Kombination aus fundierter Rechtskenntnis, sicherem Verhandlungsgeschick und einem offenen, empathischen Umgang. Wichtig ist ihr dabei, die individuellen Bed\u00fcrfnisse zu verstehen und gemeinsam tragf\u00e4hige und pragmatische L\u00f6sungen zu entwickeln.<\/p>\n<\/div><\/section><br \/>\n\n<style type=\"text\/css\" data-created_by=\"avia_inline_auto\" id=\"style-css-av-18upqf-4eaf07564ead759af322ef731f65cb30\">\n#top .hr.hr-invisible.av-18upqf-4eaf07564ead759af322ef731f65cb30{\nheight:40px;\n}\n<\/style>\n<div  class='hr av-18upqf-4eaf07564ead759af322ef731f65cb30 hr-invisible  avia-builder-el-4  el_after_av_textblock  el_before_av_textblock '><span class='hr-inner '><span class=\"hr-inner-style\"><\/span><\/span><\/div><br \/>\n<section  class='av_textblock_section av-12r8hz-476922a3a55ce6dcb667756ee8fbc368 '   itemscope=\"itemscope\" itemtype=\"https:\/\/schema.org\/CreativeWork\" ><div class='avia_textblock'  itemprop=\"text\" ><p><strong>T\u00e4tigkeitsbereiche:<\/strong><\/p>\n<p><a href=\"https:\/\/www.boeckli-buehler.ch\/services\/prozessfuehrung-und-schiedsgerichte\/\">Prozessf\u00fchrung und Schiedsgerichte<\/a><br \/>\n<a href=\"https:\/\/www.boeckli-buehler.ch\/services\/unternehmen-und-vertraege\/\">Unternehmen und Vertr\u00e4ge<\/a><br \/>\n<a href=\"https:\/\/www.boeckli-buehler.ch\/services\/arbeitsrecht\/\">Arbeitsrecht<\/a><br \/>\n<a href=\"https:\/\/www.boeckli-buehler.ch\/services\/wirtschaftsstrafrecht\/\">Wirtschaftsstrafrecht<\/a><br \/>\n<a href=\"https:\/\/www.boeckli-buehler.ch\/de\/services\/immobilien\/\">Immobilien<\/a><br \/>\n<a href=\"https:\/\/www.boeckli-buehler.ch\/de\/services\/vermoegensplanung-und-nachfolge\/\">Verm\u00f6gensplanung und -Nachfolge<\/a><br \/>\n<a href=\"https:\/\/www.boeckli-buehler.ch\/services\/familie-und-partnerschaft\/\">Familie und Partnerschaft <\/a><\/p>\n<\/div><\/section><\/p><\/div>\n<style type=\"text\/css\" data-created_by=\"avia_inline_auto\" id=\"style-css-av-x58w7-cfd5edab1911b6986ed32e4378c928ad\">\n.flex_column.av-x58w7-cfd5edab1911b6986ed32e4378c928ad{\nborder-radius:0px 0px 0px 0px;\npadding:0px 0px 0px 0px;\n}\n<\/style>\n<div  class='flex_column av-x58w7-cfd5edab1911b6986ed32e4378c928ad av_one_third  avia-builder-el-6  el_after_av_two_third  el_before_av_one_full  flex_column_div av-zero-column-padding  '     ><p>\n<style type=\"text\/css\" data-created_by=\"avia_inline_auto\" id=\"style-css-av-2jp13-ae870cd1edb4db150261efb9e6b1661b\">\n.avia-image-container.av-2jp13-ae870cd1edb4db150261efb9e6b1661b img.avia_image{\nbox-shadow:none;\n}\n.avia-image-container.av-2jp13-ae870cd1edb4db150261efb9e6b1661b .av-image-caption-overlay-center{\ncolor:#ffffff;\n}\n<\/style>\n<div  class='avia-image-container av-2jp13-ae870cd1edb4db150261efb9e6b1661b av-styling- avia-align-right  avia-builder-el-7  el_before_av_hr  avia-builder-el-first '   itemprop=\"image\" itemscope=\"itemscope\" itemtype=\"https:\/\/schema.org\/ImageObject\" ><div class=\"avia-image-container-inner\"><div class=\"avia-image-overlay-wrap\"><img decoding=\"async\" fetchpriority=\"high\" class='wp-image-2448 avia-img-lazy-loading-not-2448 avia_image ' src=\"https:\/\/www.boeckli-buehler.ch\/wp-content\/uploads\/2020\/04\/Meret_M\u00fcller.jpg\" alt='' title=''  height=\"650\" width=\"500\"  itemprop=\"thumbnailUrl\" srcset=\"https:\/\/www.boeckli-buehler.ch\/wp-content\/uploads\/2020\/04\/Meret_M\u00fcller.jpg 500w, https:\/\/www.boeckli-buehler.ch\/wp-content\/uploads\/2020\/04\/Meret_M\u00fcller-231x300.jpg 231w, https:\/\/www.boeckli-buehler.ch\/wp-content\/uploads\/2020\/04\/Meret_M\u00fcller-450x585.jpg 450w\" sizes=\"(max-width: 500px) 100vw, 500px\" \/><\/div><\/div><\/div><br \/>\n\n<style type=\"text\/css\" data-created_by=\"avia_inline_auto\" id=\"style-css-av-20t8v-6b225f9e045032fc2ba12899b3b9009a\">\n#top .hr.hr-invisible.av-20t8v-6b225f9e045032fc2ba12899b3b9009a{\nheight:20px;\n}\n<\/style>\n<div  class='hr av-20t8v-6b225f9e045032fc2ba12899b3b9009a hr-invisible  avia-builder-el-8  el_after_av_image  el_before_av_textblock '><span class='hr-inner '><span class=\"hr-inner-style\"><\/span><\/span><\/div><br \/>\n<section  class='av_textblock_section av-f05bj-0d4146e488513f52243579ea0ce1c5ad '   itemscope=\"itemscope\" itemtype=\"https:\/\/schema.org\/CreativeWork\" ><div class='avia_textblock'  itemprop=\"text\" ><p style=\"text-align: center;\">\u00abZum Vorteil meiner Klienten setze ich mich mit Herz und Verstand f\u00fcr nachhaltige und pers\u00f6nliche L\u00f6sungen ein.\u00bb<\/p>\n<\/div><\/section><br \/>\n<section  class='av_textblock_section av-8i12v-aa6aa14c81b064fd17003e931f45dd17 '   itemscope=\"itemscope\" itemtype=\"https:\/\/schema.org\/CreativeWork\" ><div class='avia_textblock'  itemprop=\"text\" ><p style=\"text-align: center;\"><a href=\"mailto:m.mueller@boeckli-buehler.ch\">E-Mail<\/a>\u00a0| <a href=\"https:\/\/www.boeckli-buehler.ch\/wp-content\/uploads\/Meret_M\u00fcller.vcf\">vCard<\/a><\/p>\n<p style=\"text-align: center;\">Assistentin: Lizge Deniz<br \/>\n<a href=\"mailto:l.deniz@boeckli-buehler.ch\">E-Mail<\/a><\/p>\n<\/div><\/section><\/p><\/div><\/p>\n\n<style type=\"text\/css\" data-created_by=\"avia_inline_auto\" id=\"style-css-av-dqd67-e6099b224034df9c27d41d528bb43969\">\n.flex_column.av-dqd67-e6099b224034df9c27d41d528bb43969{\nborder-radius:0px 0px 0px 0px;\npadding:0px 0px 0px 0px;\n}\n<\/style>\n<div  class='flex_column av-dqd67-e6099b224034df9c27d41d528bb43969 av_one_full  avia-builder-el-11  el_after_av_one_third  avia-builder-el-last  first flex_column_div av-zero-column-padding  column-top-margin'     ><div  class='tabcontainer av-k06hurw0-9732d5f69c003213f11aebcebb85db10 top_tab  avia-builder-el-12  avia-builder-el-no-sibling ' role='tablist'>\n<section class='av_tab_section av_tab_section av-m513rv0x-9894c1e9e11b1791188f1c063cb65320'  itemscope=\"itemscope\" itemtype=\"https:\/\/schema.org\/CreativeWork\" ><div class='tab active_tab' role='tab' tabindex='0' data-fake-id='#tab-id-1' aria-controls='tab-id-1-content'  itemprop=\"headline\" >Aufs\u00e4tze<\/div><div id='tab-id-1-content' class='tab_content active_tab_content' aria-hidden=\"false\"><div class='tab_inner_content invers-color'  itemprop=\"text\" ><div>\n<div>\n<p>Das Recht auf Selbstbestimmung von Bewohnerinnen und Bewohnern von Alters- und Pflegeheimen in Zeiten von Corona (COVID-19), Pflegerecht \u2013 Pflege in Politik, Wissenschaft und \u00d6konomie, Band 1\/2021, S. 52 ff. (gemeinsam mit Dr. Daniel H\u00e4ring)<\/p>\n<\/div>\n<div>\n<div>\n<div class=\"large\">\n<hr \/>\n<\/div>\n<\/div>\n<\/div>\n<\/div>\n<\/div><\/div><\/section>\n<\/div><\/div>\n","protected":false},"excerpt":{"rendered":"","protected":false},"author":3,"featured_media":0,"parent":22,"menu_order":6,"comment_status":"closed","ping_status":"closed","template":"","meta":{"footnotes":""},"_links":{"self":[{"href":"https:\/\/www.boeckli-buehler.ch\/de\/wp-json\/wp\/v2\/pages\/2372"}],"collection":[{"href":"https:\/\/www.boeckli-buehler.ch\/de\/wp-json\/wp\/v2\/pages"}],"about":[{"href":"https:\/\/www.boeckli-buehler.ch\/de\/wp-json\/wp\/v2\/types\/page"}],"author":[{"embeddable":true,"href":"https:\/\/www.boeckli-buehler.ch\/de\/wp-json\/wp\/v2\/users\/3"}],"replies":[{"embeddable":true,"href":"https:\/\/www.boeckli-buehler.ch\/de\/wp-json\/wp\/v2\/comments?post=2372"}],"version-history":[{"count":35,"href":"https:\/\/www.boeckli-buehler.ch\/de\/wp-json\/wp\/v2\/pages\/2372\/revisions"}],"predecessor-version":[{"id":4731,"href":"https:\/\/www.boeckli-buehler.ch\/de\/wp-json\/wp\/v2\/pages\/2372\/revisions\/4731"}],"up":[{"embeddable":true,"href":"https:\/\/www.boeckli-buehler.ch\/de\/wp-json\/wp\/v2\/pages\/22"}],"wp:attachment":[{"href":"https:\/\/www.boeckli-buehler.ch\/de\/wp-json\/wp\/v2\/media?parent=2372"}],"curies":[{"name":"wp","href":"https:\/\/api.w.org\/{rel}","templated":true}]}}

MERET T. MÜLLER

<div id='full_slider_1'  class='avia-fullwidth-slider main_color avia-shadow   avia-builder-el-0  el_before_av_two_third  avia-builder-el-first   container_wrap sidebar_right'  ><div  class='avia-slideshow av-23iytj-79eda78744d3836f2732d14d90f4ffff avia-slideshow-no scaling av_slideshow_full avia-slide-slider av-slideshow-ui av-control-default av-slideshow-manual av-loop-once av-loop-manual-endless av-default-height-applied   avia-slideshow-1' data-slideshow-options="{&quot;animation&quot;:&quot;slide&quot;,&quot;autoplay&quot;:false,&quot;loop_autoplay&quot;:&quot;once&quot;,&quot;interval&quot;:5,&quot;loop_manual&quot;:&quot;manual-endless&quot;,&quot;autoplay_stopper&quot;:false,&quot;noNavigation&quot;:false,&quot;bg_slider&quot;:false,&quot;keep_padding&quot;:false,&quot;hoverpause&quot;:false,&quot;show_slide_delay&quot;:0}"  itemprop="image" itemscope="itemscope" itemtype="https://schema.org/ImageObject" ><ul class='avia-slideshow-inner ' style='padding-bottom: 20.3125%;'><li  class='avia-slideshow-slide av-23iytj-79eda78744d3836f2732d14d90f4ffff__0  av-single-slide slide-1 slide-odd'><div data-rel='slideshow-1' class='avia-slide-wrap '   ><img decoding="async" fetchpriority="high" class="wp-image-2714 avia-img-lazy-loading-not-2714"  src="https://www.boeckli-buehler.ch/wp-content/uploads/2020/05/Header5-e1601463916350.jpg" width="1280" height="260" title='Header5' alt=''  itemprop="thumbnailUrl" srcset="https://www.boeckli-buehler.ch/wp-content/uploads/2020/05/Header5-e1601463916350.jpg 1280w, https://www.boeckli-buehler.ch/wp-content/uploads/2020/05/Header5-e1601463916350-300x61.jpg 300w, https://www.boeckli-buehler.ch/wp-content/uploads/2020/05/Header5-e1601463916350-1030x209.jpg 1030w, https://www.boeckli-buehler.ch/wp-content/uploads/2020/05/Header5-e1601463916350-768x156.jpg 768w, https://www.boeckli-buehler.ch/wp-content/uploads/2020/05/Header5-e1601463916350-705x143.jpg 705w, https://www.boeckli-buehler.ch/wp-content/uploads/2020/05/Header5-e1601463916350-450x91.jpg 450w" sizes="(max-width: 1280px) 100vw, 1280px" /></div></li></ul></div></div><div id='after_full_slider_1'  class='main_color av_default_container_wrap container_wrap sidebar_right'  ><div class='container av-section-cont-open' ><div class='template-page content  av-content-small alpha units'><div class='post-entry post-entry-type-page post-entry-2372'><div class='entry-content-wrapper clearfix'>

<style type="text/css" data-created_by="avia_inline_auto" id="style-css-av-1rqk9r-91554438b88baaea855d4110f063eba8">
.flex_column.av-1rqk9r-91554438b88baaea855d4110f063eba8{
border-radius:0px 0px 0px 0px;
padding:0px 0px 0px 0px;
}
</style>
<div  class='flex_column av-1rqk9r-91554438b88baaea855d4110f063eba8 av_two_third  avia-builder-el-1  el_after_av_slideshow_full  el_before_av_one_third  avia-builder-el-first  first flex_column_div av-zero-column-padding  '     ><p>
<style type="text/css" data-created_by="avia_inline_auto" id="style-css-av-2o2zfo-d54e955dc6ab47796a9e8c9104dffb2f">
#top .av-special-heading.av-2o2zfo-d54e955dc6ab47796a9e8c9104dffb2f{
padding-bottom:10px;
}
body .av-special-heading.av-2o2zfo-d54e955dc6ab47796a9e8c9104dffb2f .av-special-heading-tag .heading-char{
font-size:25px;
}
.av-special-heading.av-2o2zfo-d54e955dc6ab47796a9e8c9104dffb2f .av-subheading{
font-size:15px;
}
</style>
<div  class='av-special-heading av-2o2zfo-d54e955dc6ab47796a9e8c9104dffb2f av-special-heading-h1 blockquote modern-quote  avia-builder-el-2  el_before_av_textblock  avia-builder-el-first  av-linked-heading'><h1 class='av-special-heading-tag'  itemprop="headline"  >MERET T. MÜLLER</h1><div class='av-subheading av-subheading_below'><p>LL.M., Advokatin</p>
</div><div class="special-heading-border"><div class="special-heading-inner-border"></div></div></div><br />
<section  class='av_textblock_section av-1cb09r-72a0e51eee0fb168cba341583d1e4357 '   itemscope="itemscope" itemtype="https://schema.org/CreativeWork" ><div class='avia_textblock'  itemprop="text" ><p>Meret T. Müller ist in der Region Basel aufgewachsen und schloss 2017 ihr Rechtsstudium an der Universität Basel mit summa cum laude ab. Danach sammelte sie vielseitige Praxiserfahrung an verschiedenen Gerichten und bei der Staatsanwaltschaft. 2020 erwarb sie das basellandschaftliche Anwaltspatent und trat als Advokatin in das Büro böckli bühler partner ein. Seit 2023 ist sie dort als Senior Associate tätig.</p>
<p>2025 erweiterte sie ihre Expertise mit einem Master of Laws (LL.M.) im Gesellschafts- und Handelsrecht an der London School of Economics and Political Science (LSE). Damit ergänzte sie ihre breite praktische Erfahrung um eine vertiefte theoretische Grundlage und eine internationale Perspektive.</p>
<p>Die Schwerpunkte ihrer Tätigkeit liegen insbesondere in der Prozessführung sowie in der Beratung im Vertrags-, Arbeits- und Gesellschaftsrecht. Dank umfassender Erfahrung in gerichtlichen Verfahren erkennt Meret T. Müller rechtliche Risiken frühzeitig und gestaltet Verträge und Lösungen so, dass diese in der Praxis Bestand haben.</p>
<p>Mandantinnen und Mandanten schätzen an ihr die Kombination aus fundierter Rechtskenntnis, sicherem Verhandlungsgeschick und einem offenen, empathischen Umgang. Wichtig ist ihr dabei, die individuellen Bedürfnisse zu verstehen und gemeinsam tragfähige und pragmatische Lösungen zu entwickeln.</p>
</div></section><br />

<style type="text/css" data-created_by="avia_inline_auto" id="style-css-av-18upqf-4eaf07564ead759af322ef731f65cb30">
#top .hr.hr-invisible.av-18upqf-4eaf07564ead759af322ef731f65cb30{
height:40px;
}
</style>
<div  class='hr av-18upqf-4eaf07564ead759af322ef731f65cb30 hr-invisible  avia-builder-el-4  el_after_av_textblock  el_before_av_textblock '><span class='hr-inner '><span class="hr-inner-style"></span></span></div><br />
<section  class='av_textblock_section av-12r8hz-476922a3a55ce6dcb667756ee8fbc368 '   itemscope="itemscope" itemtype="https://schema.org/CreativeWork" ><div class='avia_textblock'  itemprop="text" ><p><strong>Tätigkeitsbereiche:</strong></p>
<p><a href="https://www.boeckli-buehler.ch/services/prozessfuehrung-und-schiedsgerichte/">Prozessführung und Schiedsgerichte</a><br />
<a href="https://www.boeckli-buehler.ch/services/unternehmen-und-vertraege/">Unternehmen und Verträge</a><br />
<a href="https://www.boeckli-buehler.ch/services/arbeitsrecht/">Arbeitsrecht</a><br />
<a href="https://www.boeckli-buehler.ch/services/wirtschaftsstrafrecht/">Wirtschaftsstrafrecht</a><br />
<a href="https://www.boeckli-buehler.ch/de/services/immobilien/">Immobilien</a><br />
<a href="https://www.boeckli-buehler.ch/de/services/vermoegensplanung-und-nachfolge/">Vermögensplanung und -Nachfolge</a><br />
<a href="https://www.boeckli-buehler.ch/services/familie-und-partnerschaft/">Familie und Partnerschaft </a></p>
</div></section></p></div>
<style type="text/css" data-created_by="avia_inline_auto" id="style-css-av-x58w7-cfd5edab1911b6986ed32e4378c928ad">
.flex_column.av-x58w7-cfd5edab1911b6986ed32e4378c928ad{
border-radius:0px 0px 0px 0px;
padding:0px 0px 0px 0px;
}
</style>
<div  class='flex_column av-x58w7-cfd5edab1911b6986ed32e4378c928ad av_one_third  avia-builder-el-6  el_after_av_two_third  el_before_av_one_full  flex_column_div av-zero-column-padding  '     ><p>
<style type="text/css" data-created_by="avia_inline_auto" id="style-css-av-2jp13-ae870cd1edb4db150261efb9e6b1661b">
.avia-image-container.av-2jp13-ae870cd1edb4db150261efb9e6b1661b img.avia_image{
box-shadow:none;
}
.avia-image-container.av-2jp13-ae870cd1edb4db150261efb9e6b1661b .av-image-caption-overlay-center{
color:#ffffff;
}
</style>
<div  class='avia-image-container av-2jp13-ae870cd1edb4db150261efb9e6b1661b av-styling- avia-align-right  avia-builder-el-7  el_before_av_hr  avia-builder-el-first '   itemprop="image" itemscope="itemscope" itemtype="https://schema.org/ImageObject" ><div class="avia-image-container-inner"><div class="avia-image-overlay-wrap"><img decoding="async" fetchpriority="high" class='wp-image-2448 avia-img-lazy-loading-not-2448 avia_image ' src="https://www.boeckli-buehler.ch/wp-content/uploads/2020/04/Meret_Müller.jpg" alt='' title=''  height="650" width="500"  itemprop="thumbnailUrl" srcset="https://www.boeckli-buehler.ch/wp-content/uploads/2020/04/Meret_Müller.jpg 500w, https://www.boeckli-buehler.ch/wp-content/uploads/2020/04/Meret_Müller-231x300.jpg 231w, https://www.boeckli-buehler.ch/wp-content/uploads/2020/04/Meret_Müller-450x585.jpg 450w" sizes="(max-width: 500px) 100vw, 500px" /></div></div></div><br />

<style type="text/css" data-created_by="avia_inline_auto" id="style-css-av-20t8v-6b225f9e045032fc2ba12899b3b9009a">
#top .hr.hr-invisible.av-20t8v-6b225f9e045032fc2ba12899b3b9009a{
height:20px;
}
</style>
<div  class='hr av-20t8v-6b225f9e045032fc2ba12899b3b9009a hr-invisible  avia-builder-el-8  el_after_av_image  el_before_av_textblock '><span class='hr-inner '><span class="hr-inner-style"></span></span></div><br />
<section  class='av_textblock_section av-f05bj-0d4146e488513f52243579ea0ce1c5ad '   itemscope="itemscope" itemtype="https://schema.org/CreativeWork" ><div class='avia_textblock'  itemprop="text" ><p style="text-align: center;">«Zum Vorteil meiner Klienten setze ich mich mit Herz und Verstand für nachhaltige und persönliche Lösungen ein.»</p>
</div></section><br />
<section  class='av_textblock_section av-8i12v-aa6aa14c81b064fd17003e931f45dd17 '   itemscope="itemscope" itemtype="https://schema.org/CreativeWork" ><div class='avia_textblock'  itemprop="text" ><p style="text-align: center;"><a href="mailto:m.mueller@boeckli-buehler.ch">E-Mail</a> | <a href="https://www.boeckli-buehler.ch/wp-content/uploads/Meret_Müller.vcf">vCard</a></p>
<p style="text-align: center;">Assistentin: Lizge Deniz<br />
<a href="mailto:l.deniz@boeckli-buehler.ch">E-Mail</a></p>
</div></section></p></div></p>

<style type="text/css" data-created_by="avia_inline_auto" id="style-css-av-dqd67-e6099b224034df9c27d41d528bb43969">
.flex_column.av-dqd67-e6099b224034df9c27d41d528bb43969{
border-radius:0px 0px 0px 0px;
padding:0px 0px 0px 0px;
}
</style>
<div  class='flex_column av-dqd67-e6099b224034df9c27d41d528bb43969 av_one_full  avia-builder-el-11  el_after_av_one_third  avia-builder-el-last  first flex_column_div av-zero-column-padding  column-top-margin'     ><div  class='tabcontainer av-k06hurw0-9732d5f69c003213f11aebcebb85db10 top_tab  avia-builder-el-12  avia-builder-el-no-sibling ' role='tablist'>
<section class='av_tab_section av_tab_section av-m513rv0x-9894c1e9e11b1791188f1c063cb65320'  itemscope="itemscope" itemtype="https://schema.org/CreativeWork" ><div class='tab active_tab' role='tab' tabindex='0' data-fake-id='#tab-id-1' aria-controls='tab-id-1-content'  itemprop="headline" >Aufsätze</div><div id='tab-id-1-content' class='tab_content active_tab_content' aria-hidden="false"><div class='tab_inner_content invers-color'  itemprop="text" ><div>
<div>
<p>Das Recht auf Selbstbestimmung von Bewohnerinnen und Bewohnern von Alters- und Pflegeheimen in Zeiten von Corona (COVID-19), Pflegerecht – Pflege in Politik, Wissenschaft und Ökonomie, Band 1/2021, S. 52 ff. (gemeinsam mit Dr. Daniel Häring)</p>
</div>
<div>
<div>
<div class="large">
<hr />
</div>
</div>
</div>
</div>
</div></div></section>
</div></div>
