{"id":308,"date":"2017-12-05T08:33:20","date_gmt":"2017-12-05T08:33:20","guid":{"rendered":"https:\/\/www.boeckli-buehler.ch\/services\/prozessfuehrung-schiedsgerichte-10\/"},"modified":"2023-02-28T12:13:51","modified_gmt":"2023-02-28T12:13:51","slug":"wirtschaftsstrafrecht","status":"publish","type":"page","link":"https:\/\/www.boeckli-buehler.ch\/de\/services\/wirtschaftsstrafrecht\/","title":{"rendered":"WIRTSCHAFTSSTRAFRECHT"},"content":{"rendered":"<div id='full_slider_1'  class='avia-fullwidth-slider main_color avia-shadow   avia-builder-el-0  el_before_av_one_full  avia-builder-el-first   container_wrap sidebar_right'  ><div  class='avia-slideshow av-1h4x7g-94a1b51dc26afaf73397f84749fac1bc avia-slideshow-featured av_slideshow_full avia-slide-slider av-slideshow-ui av-control-default av-slideshow-manual av-loop-once av-loop-manual-endless av-default-height-applied   avia-slideshow-1' data-slideshow-options=\"{&quot;animation&quot;:&quot;slide&quot;,&quot;autoplay&quot;:false,&quot;loop_autoplay&quot;:&quot;once&quot;,&quot;interval&quot;:5,&quot;loop_manual&quot;:&quot;manual-endless&quot;,&quot;autoplay_stopper&quot;:false,&quot;noNavigation&quot;:false,&quot;bg_slider&quot;:false,&quot;keep_padding&quot;:false,&quot;hoverpause&quot;:false,&quot;show_slide_delay&quot;:0}\"  itemprop=\"image\" itemscope=\"itemscope\" itemtype=\"https:\/\/schema.org\/ImageObject\" ><ul class='avia-slideshow-inner ' style='padding-bottom: 20.3125%;'><li  class='avia-slideshow-slide av-1h4x7g-94a1b51dc26afaf73397f84749fac1bc__0  av-single-slide slide-1 slide-odd'><div data-rel='slideshow-1' class='avia-slide-wrap '   ><img decoding=\"async\" fetchpriority=\"high\" class=\"wp-image-606 avia-img-lazy-loading-not-606\"  src=\"https:\/\/www.boeckli-buehler.ch\/wp-content\/uploads\/2018\/02\/8250.jpg\" width=\"1280\" height=\"260\" title='' alt=''  itemprop=\"thumbnailUrl\" srcset=\"https:\/\/www.boeckli-buehler.ch\/wp-content\/uploads\/2018\/02\/8250.jpg 1280w, https:\/\/www.boeckli-buehler.ch\/wp-content\/uploads\/2018\/02\/8250-300x61.jpg 300w, https:\/\/www.boeckli-buehler.ch\/wp-content\/uploads\/2018\/02\/8250-768x156.jpg 768w, https:\/\/www.boeckli-buehler.ch\/wp-content\/uploads\/2018\/02\/8250-1030x209.jpg 1030w, https:\/\/www.boeckli-buehler.ch\/wp-content\/uploads\/2018\/02\/8250-705x143.jpg 705w, https:\/\/www.boeckli-buehler.ch\/wp-content\/uploads\/2018\/02\/8250-450x91.jpg 450w\" sizes=\"(max-width: 1280px) 100vw, 1280px\" \/><\/div><\/li><\/ul><\/div><\/div><div id='after_full_slider_1'  class='main_color av_default_container_wrap container_wrap sidebar_right'  ><div class='container av-section-cont-open' ><div class='template-page content  av-content-small alpha units'><div class='post-entry post-entry-type-page post-entry-308'><div class='entry-content-wrapper clearfix'>\n\n<style type=\"text\/css\" data-created_by=\"avia_inline_auto\" id=\"style-css-av-11n3f0-822f57a1387bbf6a5e7a9232ce963f13\">\n.flex_column.av-11n3f0-822f57a1387bbf6a5e7a9232ce963f13{\nborder-radius:0px 0px 0px 0px;\npadding:0px 0px 0px 0px;\n}\n<\/style>\n<div  class='flex_column av-11n3f0-822f57a1387bbf6a5e7a9232ce963f13 av_one_full  avia-builder-el-1  el_after_av_slideshow_full  el_before_av_one_full  avia-builder-el-first  first flex_column_div av-zero-column-padding  '     ><style type=\"text\/css\" data-created_by=\"avia_inline_auto\" id=\"style-css-av-39gms-98acaaecfa2836f73b2168302cb4051f\">\n#top .av-special-heading.av-39gms-98acaaecfa2836f73b2168302cb4051f{\npadding-bottom:10px;\n}\nbody .av-special-heading.av-39gms-98acaaecfa2836f73b2168302cb4051f .av-special-heading-tag .heading-char{\nfont-size:25px;\n}\n.av-special-heading.av-39gms-98acaaecfa2836f73b2168302cb4051f .av-subheading{\nfont-size:15px;\n}\n<\/style>\n<div  class='av-special-heading av-39gms-98acaaecfa2836f73b2168302cb4051f av-special-heading-h1 blockquote modern-quote  avia-builder-el-2  avia-builder-el-no-sibling '><h1 class='av-special-heading-tag'  itemprop=\"headline\"  >Wirtschaftsstrafrecht<\/h1><div class=\"special-heading-border\"><div class=\"special-heading-inner-border\"><\/div><\/div><\/div><\/div>\n\n<style type=\"text\/css\" data-created_by=\"avia_inline_auto\" id=\"style-css-av-r6grw-de3bcd4236ea263da6fe47807a93207a\">\n.flex_column.av-r6grw-de3bcd4236ea263da6fe47807a93207a{\nborder-radius:0px 0px 0px 0px;\npadding:0px 0px 0px 0px;\n}\n<\/style>\n<div  class='flex_column av-r6grw-de3bcd4236ea263da6fe47807a93207a av_one_full  avia-builder-el-3  el_after_av_one_full  el_before_av_one_full  first flex_column_div av-zero-column-padding  column-top-margin'     ><section  class='av_textblock_section av-kc038-7ba888488cf089223e2836877b39ab90 '   itemscope=\"itemscope\" itemtype=\"https:\/\/schema.org\/CreativeWork\" ><div class='avia_textblock'  itemprop=\"text\" ><div id=\"ElementID134Div\" style=\"text-align: justify;\">\n<div class=\"large\">\n<div id=\"ElementID135Div\">\n<div class=\"large\">\n<div id=\"ElementID144Div\">\n<div class=\"large\" style=\"text-align: left;\">Wir beraten Sie umfassend in strafrechtlichen Fragestellungen, insbesondere im Bereich des Wirtschafts-, Verwaltungs- sowie Steuerstrafrechts, und unterst\u00fctzen Sie als Gesch\u00e4digtenvertreter oder Verteidiger vor den zust\u00e4ndigen Gerichten und Beh\u00f6rden.<\/div>\n<\/div>\n<div id=\"ElementID165Div\"><\/div>\n<\/div>\n<\/div>\n<div id=\"ElementID156Div\"><\/div>\n<\/div>\n<\/div>\n<div id=\"ElementID145Div\" style=\"text-align: justify;\"><\/div>\n<\/div><\/section><\/div>\n\n<style type=\"text\/css\" data-created_by=\"avia_inline_auto\" id=\"style-css-av-h0hmc-8add37f1587408e574c8eb8210045248\">\n.flex_column.av-h0hmc-8add37f1587408e574c8eb8210045248{\nborder-radius:0px 0px 0px 0px;\npadding:0px 0px 0px 0px;\n}\n<\/style>\n<div  class='flex_column av-h0hmc-8add37f1587408e574c8eb8210045248 av_one_full  avia-builder-el-5  el_after_av_one_full  avia-builder-el-last  first flex_column_div av-zero-column-padding  column-top-margin'     ><section  class='av_textblock_section av-bldp8-af6809636f1142a7731dd46c55cf07b4 '   itemscope=\"itemscope\" itemtype=\"https:\/\/schema.org\/CreativeWork\" ><div class='avia_textblock'  itemprop=\"text\" ><p><a href=\"\/de\/team\/daniel-haering\/\">DANIEL H\u00c4RING<\/a><\/p>\n<p><a href=\"\/de\/team\/christoph-b-buehler\/\">CHRISTOPH B. B\u00dcHLER<\/a><\/p>\n<p><a href=\"\/de\/team\/jan-bangert\/\">JAN BANGERT<\/a><\/p>\n<p><a href=\"https:\/\/www.boeckli-buehler.ch\/de\/team\/meret-mueller\/\">MERET T. M\u00dcLLER<\/a><\/p>\n<\/div><\/section><\/div>\n","protected":false},"excerpt":{"rendered":"","protected":false},"author":1,"featured_media":0,"parent":85,"menu_order":10,"comment_status":"closed","ping_status":"closed","template":"","meta":{"footnotes":""},"_links":{"self":[{"href":"https:\/\/www.boeckli-buehler.ch\/de\/wp-json\/wp\/v2\/pages\/308"}],"collection":[{"href":"https:\/\/www.boeckli-buehler.ch\/de\/wp-json\/wp\/v2\/pages"}],"about":[{"href":"https:\/\/www.boeckli-buehler.ch\/de\/wp-json\/wp\/v2\/types\/page"}],"author":[{"embeddable":true,"href":"https:\/\/www.boeckli-buehler.ch\/de\/wp-json\/wp\/v2\/users\/1"}],"replies":[{"embeddable":true,"href":"https:\/\/www.boeckli-buehler.ch\/de\/wp-json\/wp\/v2\/comments?post=308"}],"version-history":[{"count":15,"href":"https:\/\/www.boeckli-buehler.ch\/de\/wp-json\/wp\/v2\/pages\/308\/revisions"}],"predecessor-version":[{"id":4414,"href":"https:\/\/www.boeckli-buehler.ch\/de\/wp-json\/wp\/v2\/pages\/308\/revisions\/4414"}],"up":[{"embeddable":true,"href":"https:\/\/www.boeckli-buehler.ch\/de\/wp-json\/wp\/v2\/pages\/85"}],"wp:attachment":[{"href":"https:\/\/www.boeckli-buehler.ch\/de\/wp-json\/wp\/v2\/media?parent=308"}],"curies":[{"name":"wp","href":"https:\/\/api.w.org\/{rel}","templated":true}]}}

<div id='full_slider_1'  class='avia-fullwidth-slider main_color avia-shadow   avia-builder-el-0  el_before_av_one_full  avia-builder-el-first   container_wrap sidebar_right'  ><div  class='avia-slideshow av-1h4x7g-94a1b51dc26afaf73397f84749fac1bc avia-slideshow-featured av_slideshow_full avia-slide-slider av-slideshow-ui av-control-default av-slideshow-manual av-loop-once av-loop-manual-endless av-default-height-applied   avia-slideshow-1' data-slideshow-options="{&quot;animation&quot;:&quot;slide&quot;,&quot;autoplay&quot;:false,&quot;loop_autoplay&quot;:&quot;once&quot;,&quot;interval&quot;:5,&quot;loop_manual&quot;:&quot;manual-endless&quot;,&quot;autoplay_stopper&quot;:false,&quot;noNavigation&quot;:false,&quot;bg_slider&quot;:false,&quot;keep_padding&quot;:false,&quot;hoverpause&quot;:false,&quot;show_slide_delay&quot;:0}"  itemprop="image" itemscope="itemscope" itemtype="https://schema.org/ImageObject" ><ul class='avia-slideshow-inner ' style='padding-bottom: 20.3125%;'><li  class='avia-slideshow-slide av-1h4x7g-94a1b51dc26afaf73397f84749fac1bc__0  av-single-slide slide-1 slide-odd'><div data-rel='slideshow-1' class='avia-slide-wrap '   ><img decoding="async" fetchpriority="high" class="wp-image-606 avia-img-lazy-loading-not-606"  src="https://www.boeckli-buehler.ch/wp-content/uploads/2018/02/8250.jpg" width="1280" height="260" title='' alt=''  itemprop="thumbnailUrl" srcset="https://www.boeckli-buehler.ch/wp-content/uploads/2018/02/8250.jpg 1280w, https://www.boeckli-buehler.ch/wp-content/uploads/2018/02/8250-300x61.jpg 300w, https://www.boeckli-buehler.ch/wp-content/uploads/2018/02/8250-768x156.jpg 768w, https://www.boeckli-buehler.ch/wp-content/uploads/2018/02/8250-1030x209.jpg 1030w, https://www.boeckli-buehler.ch/wp-content/uploads/2018/02/8250-705x143.jpg 705w, https://www.boeckli-buehler.ch/wp-content/uploads/2018/02/8250-450x91.jpg 450w" sizes="(max-width: 1280px) 100vw, 1280px" /></div></li></ul></div></div><div id='after_full_slider_1'  class='main_color av_default_container_wrap container_wrap sidebar_right'  ><div class='container av-section-cont-open' ><div class='template-page content  av-content-small alpha units'><div class='post-entry post-entry-type-page post-entry-308'><div class='entry-content-wrapper clearfix'>

<style type="text/css" data-created_by="avia_inline_auto" id="style-css-av-11n3f0-822f57a1387bbf6a5e7a9232ce963f13">
.flex_column.av-11n3f0-822f57a1387bbf6a5e7a9232ce963f13{
border-radius:0px 0px 0px 0px;
padding:0px 0px 0px 0px;
}
</style>
<div  class='flex_column av-11n3f0-822f57a1387bbf6a5e7a9232ce963f13 av_one_full  avia-builder-el-1  el_after_av_slideshow_full  el_before_av_one_full  avia-builder-el-first  first flex_column_div av-zero-column-padding  '     ><style type="text/css" data-created_by="avia_inline_auto" id="style-css-av-39gms-98acaaecfa2836f73b2168302cb4051f">
#top .av-special-heading.av-39gms-98acaaecfa2836f73b2168302cb4051f{
padding-bottom:10px;
}
body .av-special-heading.av-39gms-98acaaecfa2836f73b2168302cb4051f .av-special-heading-tag .heading-char{
font-size:25px;
}
.av-special-heading.av-39gms-98acaaecfa2836f73b2168302cb4051f .av-subheading{
font-size:15px;
}
</style>
<div  class='av-special-heading av-39gms-98acaaecfa2836f73b2168302cb4051f av-special-heading-h1 blockquote modern-quote  avia-builder-el-2  avia-builder-el-no-sibling '><h1 class='av-special-heading-tag'  itemprop="headline"  >Wirtschaftsstrafrecht</h1><div class="special-heading-border"><div class="special-heading-inner-border"></div></div></div></div>

<style type="text/css" data-created_by="avia_inline_auto" id="style-css-av-r6grw-de3bcd4236ea263da6fe47807a93207a">
.flex_column.av-r6grw-de3bcd4236ea263da6fe47807a93207a{
border-radius:0px 0px 0px 0px;
padding:0px 0px 0px 0px;
}
</style>
<div  class='flex_column av-r6grw-de3bcd4236ea263da6fe47807a93207a av_one_full  avia-builder-el-3  el_after_av_one_full  el_before_av_one_full  first flex_column_div av-zero-column-padding  column-top-margin'     ><section  class='av_textblock_section av-kc038-7ba888488cf089223e2836877b39ab90 '   itemscope="itemscope" itemtype="https://schema.org/CreativeWork" ><div class='avia_textblock'  itemprop="text" ><div id="ElementID134Div" style="text-align: justify;">
<div class="large">
<div id="ElementID135Div">
<div class="large">
<div id="ElementID144Div">
<div class="large" style="text-align: left;">Wir beraten Sie umfassend in strafrechtlichen Fragestellungen, insbesondere im Bereich des Wirtschafts-, Verwaltungs- sowie Steuerstrafrechts, und unterstützen Sie als Geschädigtenvertreter oder Verteidiger vor den zuständigen Gerichten und Behörden.</div>
</div>
<div id="ElementID165Div"></div>
</div>
</div>
<div id="ElementID156Div"></div>
</div>
</div>
<div id="ElementID145Div" style="text-align: justify;"></div>
</div></section></div>

<style type="text/css" data-created_by="avia_inline_auto" id="style-css-av-h0hmc-8add37f1587408e574c8eb8210045248">
.flex_column.av-h0hmc-8add37f1587408e574c8eb8210045248{
border-radius:0px 0px 0px 0px;
padding:0px 0px 0px 0px;
}
</style>
<div  class='flex_column av-h0hmc-8add37f1587408e574c8eb8210045248 av_one_full  avia-builder-el-5  el_after_av_one_full  avia-builder-el-last  first flex_column_div av-zero-column-padding  column-top-margin'     ><section  class='av_textblock_section av-bldp8-af6809636f1142a7731dd46c55cf07b4 '   itemscope="itemscope" itemtype="https://schema.org/CreativeWork" ><div class='avia_textblock'  itemprop="text" ><p><a href="/de/team/daniel-haering/">DANIEL HÄRING</a></p>
<p><a href="/de/team/christoph-b-buehler/">CHRISTOPH B. BÜHLER</a></p>
<p><a href="/de/team/jan-bangert/">JAN BANGERT</a></p>
<p><a href="https://www.boeckli-buehler.ch/de/team/meret-mueller/">MERET T. MÜLLER</a></p>
</div></section></div>
