{"id":3337,"date":"2022-04-06T08:53:11","date_gmt":"2022-04-06T08:53:11","guid":{"rendered":"https:\/\/www.boeckli-buehler.ch\/?page_id=3337"},"modified":"2025-05-15T08:28:22","modified_gmt":"2025-05-15T08:28:22","slug":"stephan-buser","status":"publish","type":"page","link":"https:\/\/www.boeckli-buehler.ch\/de\/team\/stephan-buser\/","title":{"rendered":"STEPHAN BUSER"},"content":{"rendered":"<div id='full_slider_1'  class='avia-fullwidth-slider main_color avia-shadow   avia-builder-el-0  el_before_av_two_third  avia-builder-el-first   container_wrap sidebar_right'  ><div  class='avia-slideshow av-23iytj-eb686e2af5f5009cce6efa583264ffd7 avia-slideshow-featured av_slideshow_full avia-slide-slider av-slideshow-ui av-control-default av-slideshow-manual av-loop-once av-loop-manual-endless av-default-height-applied   avia-slideshow-1' data-slideshow-options=\"{&quot;animation&quot;:&quot;slide&quot;,&quot;autoplay&quot;:false,&quot;loop_autoplay&quot;:&quot;once&quot;,&quot;interval&quot;:5,&quot;loop_manual&quot;:&quot;manual-endless&quot;,&quot;autoplay_stopper&quot;:false,&quot;noNavigation&quot;:false,&quot;bg_slider&quot;:false,&quot;keep_padding&quot;:false,&quot;hoverpause&quot;:false,&quot;show_slide_delay&quot;:0}\"  itemprop=\"image\" itemscope=\"itemscope\" itemtype=\"https:\/\/schema.org\/ImageObject\" ><ul class='avia-slideshow-inner ' style='padding-bottom: 20.3125%;'><li  class='avia-slideshow-slide av-23iytj-eb686e2af5f5009cce6efa583264ffd7__0  av-single-slide slide-1 slide-odd'><div data-rel='slideshow-1' class='avia-slide-wrap '   ><img decoding=\"async\" fetchpriority=\"high\" class=\"wp-image-720 avia-img-lazy-loading-not-720\"  src=\"https:\/\/www.boeckli-buehler.ch\/wp-content\/uploads\/2018\/02\/8677-1.jpg\" width=\"1280\" height=\"260\" title='' alt=''  itemprop=\"thumbnailUrl\" srcset=\"https:\/\/www.boeckli-buehler.ch\/wp-content\/uploads\/2018\/02\/8677-1.jpg 1280w, https:\/\/www.boeckli-buehler.ch\/wp-content\/uploads\/2018\/02\/8677-1-300x61.jpg 300w, https:\/\/www.boeckli-buehler.ch\/wp-content\/uploads\/2018\/02\/8677-1-768x156.jpg 768w, https:\/\/www.boeckli-buehler.ch\/wp-content\/uploads\/2018\/02\/8677-1-1030x209.jpg 1030w, https:\/\/www.boeckli-buehler.ch\/wp-content\/uploads\/2018\/02\/8677-1-705x143.jpg 705w, https:\/\/www.boeckli-buehler.ch\/wp-content\/uploads\/2018\/02\/8677-1-450x91.jpg 450w\" sizes=\"(max-width: 1280px) 100vw, 1280px\" \/><\/div><\/li><\/ul><\/div><\/div><div id='after_full_slider_1'  class='main_color av_default_container_wrap container_wrap sidebar_right'  ><div class='container av-section-cont-open' ><div class='template-page content  av-content-small alpha units'><div class='post-entry post-entry-type-page post-entry-3337'><div class='entry-content-wrapper clearfix'>\n\n<style type=\"text\/css\" data-created_by=\"avia_inline_auto\" id=\"style-css-av-1rqk9r-91554438b88baaea855d4110f063eba8\">\n.flex_column.av-1rqk9r-91554438b88baaea855d4110f063eba8{\nborder-radius:0px 0px 0px 0px;\npadding:0px 0px 0px 0px;\n}\n<\/style>\n<div  class='flex_column av-1rqk9r-91554438b88baaea855d4110f063eba8 av_two_third  avia-builder-el-1  el_after_av_slideshow_full  el_before_av_one_third  avia-builder-el-first  first flex_column_div av-zero-column-padding  '     ><p>\n<style type=\"text\/css\" data-created_by=\"avia_inline_auto\" id=\"style-css-av-1w07ah-8791895d0e9a7d181448348c966060e8\">\n#top .av-special-heading.av-1w07ah-8791895d0e9a7d181448348c966060e8{\npadding-bottom:10px;\n}\nbody .av-special-heading.av-1w07ah-8791895d0e9a7d181448348c966060e8 .av-special-heading-tag .heading-char{\nfont-size:25px;\n}\n.av-special-heading.av-1w07ah-8791895d0e9a7d181448348c966060e8 .av-subheading{\nfont-size:15px;\n}\n<\/style>\n<div  class='av-special-heading av-1w07ah-8791895d0e9a7d181448348c966060e8 av-special-heading-h1 blockquote modern-quote  avia-builder-el-2  el_before_av_textblock  avia-builder-el-first '><h1 class='av-special-heading-tag'  itemprop=\"headline\"  >STEPHAN BUSER<\/h1><div class='av-subheading av-subheading_below'><p>Advokat<\/p>\n<\/div><div class=\"special-heading-border\"><div class=\"special-heading-inner-border\"><\/div><\/div><\/div><br \/>\n<section  class='av_textblock_section av-1cb09r-2fec66d0fe38cf184ff56ea29d004b78 '   itemscope=\"itemscope\" itemtype=\"https:\/\/schema.org\/CreativeWork\" ><div class='avia_textblock'  itemprop=\"text\" ><p>Stephan Buser schloss im Jahre 2019 das Studium der Rechtswissenschaften mit Vertiefung im Wirtschaftsrecht an der Universit\u00e4t Basel ab. Danach war er als Substitut in einer renommierten Wirtschaftskanzlei in Z\u00fcrich und als Volont\u00e4r am Kantonsgericht Basel-Landschaft t\u00e4tig. Im Jahre 2021 wurde er in Basel als Advokat zugelassen und trat 2022 in das B\u00fcro von b\u00f6ckli b\u00fchler partner ein.<\/p>\n<p>Zu den T\u00e4tigkeitsschwerpunkten von Stephan Buser z\u00e4hlen das Vertrags- und Gesellschaftsrecht, insbesondere das Aktienrecht, sowie die private Verm\u00f6gensplanung und Nachfolge.<\/p>\n<p>Stephan Buser ber\u00e4t Klienten in deutscher und englischer Sprache.<\/p>\n<\/div><\/section><br \/>\n\n<style type=\"text\/css\" data-created_by=\"avia_inline_auto\" id=\"style-css-av-18upqf-4eaf07564ead759af322ef731f65cb30\">\n#top .hr.hr-invisible.av-18upqf-4eaf07564ead759af322ef731f65cb30{\nheight:40px;\n}\n<\/style>\n<div  class='hr av-18upqf-4eaf07564ead759af322ef731f65cb30 hr-invisible  avia-builder-el-4  el_after_av_textblock  el_before_av_textblock '><span class='hr-inner '><span class=\"hr-inner-style\"><\/span><\/span><\/div><br \/>\n<section  class='av_textblock_section av-12r8hz-0f7999a71d603ad4c62fbc58ea4bc475 '   itemscope=\"itemscope\" itemtype=\"https:\/\/schema.org\/CreativeWork\" ><div class='avia_textblock'  itemprop=\"text\" ><p><strong>T\u00e4tigkeitsbereiche:<\/strong><\/p>\n<p><a href=\"https:\/\/www.boeckli-buehler.ch\/services\/unternehmen-und-vertraege\/\">Unternehmen und Vertr\u00e4ge<\/a><br \/>\n<a href=\"https:\/\/www.boeckli-buehler.ch\/services\/vermoegensplanung-und-nachfolge\/\">Verm\u00f6gensplanung und -nachfolge<\/a><br \/>\n<a href=\"https:\/\/www.boeckli-buehler.ch\/services\/kunst-und-kultur\/\">Kunst und Kultur<\/a><\/p>\n<\/div><\/section><\/p><\/div>\n\n<style type=\"text\/css\" data-created_by=\"avia_inline_auto\" id=\"style-css-av-x58w7-cfd5edab1911b6986ed32e4378c928ad\">\n.flex_column.av-x58w7-cfd5edab1911b6986ed32e4378c928ad{\nborder-radius:0px 0px 0px 0px;\npadding:0px 0px 0px 0px;\n}\n<\/style>\n<div  class='flex_column av-x58w7-cfd5edab1911b6986ed32e4378c928ad av_one_third  avia-builder-el-6  el_after_av_two_third  avia-builder-el-last  flex_column_div av-zero-column-padding  '     ><p>\n<style type=\"text\/css\" data-created_by=\"avia_inline_auto\" id=\"style-css-av-l50uwql7-a6517494bccafe865c58b9462e84aa8e\">\n.avia-image-container.av-l50uwql7-a6517494bccafe865c58b9462e84aa8e img.avia_image{\nbox-shadow:none;\n}\n.avia-image-container.av-l50uwql7-a6517494bccafe865c58b9462e84aa8e .av-image-caption-overlay-center{\ncolor:#ffffff;\n}\n<\/style>\n<div  class='avia-image-container av-l50uwql7-a6517494bccafe865c58b9462e84aa8e av-styling- avia-align-right  avia-builder-el-7  el_before_av_hr  avia-builder-el-first '   itemprop=\"image\" itemscope=\"itemscope\" itemtype=\"https:\/\/schema.org\/ImageObject\" ><div class=\"avia-image-container-inner\"><div class=\"avia-image-overlay-wrap\"><img decoding=\"async\" fetchpriority=\"high\" class='wp-image-3554 avia-img-lazy-loading-not-3554 avia_image ' src=\"https:\/\/www.boeckli-buehler.ch\/wp-content\/uploads\/2022\/06\/SB.jpg\" alt='' title='SB'  height=\"650\" width=\"500\"  itemprop=\"thumbnailUrl\" srcset=\"https:\/\/www.boeckli-buehler.ch\/wp-content\/uploads\/2022\/06\/SB.jpg 500w, https:\/\/www.boeckli-buehler.ch\/wp-content\/uploads\/2022\/06\/SB-231x300.jpg 231w, https:\/\/www.boeckli-buehler.ch\/wp-content\/uploads\/2022\/06\/SB-450x585.jpg 450w\" sizes=\"(max-width: 500px) 100vw, 500px\" \/><\/div><\/div><\/div><br \/>\n\n<style type=\"text\/css\" data-created_by=\"avia_inline_auto\" id=\"style-css-av-20t8v-6b225f9e045032fc2ba12899b3b9009a\">\n#top .hr.hr-invisible.av-20t8v-6b225f9e045032fc2ba12899b3b9009a{\nheight:20px;\n}\n<\/style>\n<div  class='hr av-20t8v-6b225f9e045032fc2ba12899b3b9009a hr-invisible  avia-builder-el-8  el_after_av_image  el_before_av_textblock '><span class='hr-inner '><span class=\"hr-inner-style\"><\/span><\/span><\/div><br \/>\n<section  class='av_textblock_section av-f05bj-0d4146e488513f52243579ea0ce1c5ad '   itemscope=\"itemscope\" itemtype=\"https:\/\/schema.org\/CreativeWork\" ><div class='avia_textblock'  itemprop=\"text\" ><p style=\"text-align: center;\">\u00abMein Ziel ist es, durch eine vorausschauende Denkweise k\u00fcnftige Probleme zu verhindern.\u00bb<\/p>\n<\/div><\/section><br \/>\n<section  class='av_textblock_section av-8i12v-aa6aa14c81b064fd17003e931f45dd17 '   itemscope=\"itemscope\" itemtype=\"https:\/\/schema.org\/CreativeWork\" ><div class='avia_textblock'  itemprop=\"text\" ><p style=\"text-align: center;\"><a href=\"mailto:s.buser@boeckli-buehler.ch\">E-Mail<\/a>\u00a0| <a href=\"https:\/\/www.boeckli-buehler.ch\/wp-content\/uploads\/Stephan_Buser.vcf\">vCard<\/a><\/p>\n<p style=\"text-align: center;\">Assistentin: Lizge Deniz<br \/>\n<a href=\"mailto:l.deniz@boeckli-buehler.ch\">E-Mail<\/a><\/p>\n<\/div><\/section><\/p><\/div>\n","protected":false},"excerpt":{"rendered":"","protected":false},"author":3,"featured_media":0,"parent":22,"menu_order":6,"comment_status":"closed","ping_status":"closed","template":"","meta":{"footnotes":""},"_links":{"self":[{"href":"https:\/\/www.boeckli-buehler.ch\/de\/wp-json\/wp\/v2\/pages\/3337"}],"collection":[{"href":"https:\/\/www.boeckli-buehler.ch\/de\/wp-json\/wp\/v2\/pages"}],"about":[{"href":"https:\/\/www.boeckli-buehler.ch\/de\/wp-json\/wp\/v2\/types\/page"}],"author":[{"embeddable":true,"href":"https:\/\/www.boeckli-buehler.ch\/de\/wp-json\/wp\/v2\/users\/3"}],"replies":[{"embeddable":true,"href":"https:\/\/www.boeckli-buehler.ch\/de\/wp-json\/wp\/v2\/comments?post=3337"}],"version-history":[{"count":19,"href":"https:\/\/www.boeckli-buehler.ch\/de\/wp-json\/wp\/v2\/pages\/3337\/revisions"}],"predecessor-version":[{"id":4670,"href":"https:\/\/www.boeckli-buehler.ch\/de\/wp-json\/wp\/v2\/pages\/3337\/revisions\/4670"}],"up":[{"embeddable":true,"href":"https:\/\/www.boeckli-buehler.ch\/de\/wp-json\/wp\/v2\/pages\/22"}],"wp:attachment":[{"href":"https:\/\/www.boeckli-buehler.ch\/de\/wp-json\/wp\/v2\/media?parent=3337"}],"curies":[{"name":"wp","href":"https:\/\/api.w.org\/{rel}","templated":true}]}}

<div id='full_slider_1'  class='avia-fullwidth-slider main_color avia-shadow   avia-builder-el-0  el_before_av_two_third  avia-builder-el-first   container_wrap sidebar_right'  ><div  class='avia-slideshow av-23iytj-eb686e2af5f5009cce6efa583264ffd7 avia-slideshow-featured av_slideshow_full avia-slide-slider av-slideshow-ui av-control-default av-slideshow-manual av-loop-once av-loop-manual-endless av-default-height-applied   avia-slideshow-1' data-slideshow-options="{&quot;animation&quot;:&quot;slide&quot;,&quot;autoplay&quot;:false,&quot;loop_autoplay&quot;:&quot;once&quot;,&quot;interval&quot;:5,&quot;loop_manual&quot;:&quot;manual-endless&quot;,&quot;autoplay_stopper&quot;:false,&quot;noNavigation&quot;:false,&quot;bg_slider&quot;:false,&quot;keep_padding&quot;:false,&quot;hoverpause&quot;:false,&quot;show_slide_delay&quot;:0}"  itemprop="image" itemscope="itemscope" itemtype="https://schema.org/ImageObject" ><ul class='avia-slideshow-inner ' style='padding-bottom: 20.3125%;'><li  class='avia-slideshow-slide av-23iytj-eb686e2af5f5009cce6efa583264ffd7__0  av-single-slide slide-1 slide-odd'><div data-rel='slideshow-1' class='avia-slide-wrap '   ><img decoding="async" fetchpriority="high" class="wp-image-720 avia-img-lazy-loading-not-720"  src="https://www.boeckli-buehler.ch/wp-content/uploads/2018/02/8677-1.jpg" width="1280" height="260" title='' alt=''  itemprop="thumbnailUrl" srcset="https://www.boeckli-buehler.ch/wp-content/uploads/2018/02/8677-1.jpg 1280w, https://www.boeckli-buehler.ch/wp-content/uploads/2018/02/8677-1-300x61.jpg 300w, https://www.boeckli-buehler.ch/wp-content/uploads/2018/02/8677-1-768x156.jpg 768w, https://www.boeckli-buehler.ch/wp-content/uploads/2018/02/8677-1-1030x209.jpg 1030w, https://www.boeckli-buehler.ch/wp-content/uploads/2018/02/8677-1-705x143.jpg 705w, https://www.boeckli-buehler.ch/wp-content/uploads/2018/02/8677-1-450x91.jpg 450w" sizes="(max-width: 1280px) 100vw, 1280px" /></div></li></ul></div></div><div id='after_full_slider_1'  class='main_color av_default_container_wrap container_wrap sidebar_right'  ><div class='container av-section-cont-open' ><div class='template-page content  av-content-small alpha units'><div class='post-entry post-entry-type-page post-entry-3337'><div class='entry-content-wrapper clearfix'>

<style type="text/css" data-created_by="avia_inline_auto" id="style-css-av-1rqk9r-91554438b88baaea855d4110f063eba8">
.flex_column.av-1rqk9r-91554438b88baaea855d4110f063eba8{
border-radius:0px 0px 0px 0px;
padding:0px 0px 0px 0px;
}
</style>
<div  class='flex_column av-1rqk9r-91554438b88baaea855d4110f063eba8 av_two_third  avia-builder-el-1  el_after_av_slideshow_full  el_before_av_one_third  avia-builder-el-first  first flex_column_div av-zero-column-padding  '     ><p>
<style type="text/css" data-created_by="avia_inline_auto" id="style-css-av-1w07ah-8791895d0e9a7d181448348c966060e8">
#top .av-special-heading.av-1w07ah-8791895d0e9a7d181448348c966060e8{
padding-bottom:10px;
}
body .av-special-heading.av-1w07ah-8791895d0e9a7d181448348c966060e8 .av-special-heading-tag .heading-char{
font-size:25px;
}
.av-special-heading.av-1w07ah-8791895d0e9a7d181448348c966060e8 .av-subheading{
font-size:15px;
}
</style>
<div  class='av-special-heading av-1w07ah-8791895d0e9a7d181448348c966060e8 av-special-heading-h1 blockquote modern-quote  avia-builder-el-2  el_before_av_textblock  avia-builder-el-first '><h1 class='av-special-heading-tag'  itemprop="headline"  >STEPHAN BUSER</h1><div class='av-subheading av-subheading_below'><p>Advokat</p>
</div><div class="special-heading-border"><div class="special-heading-inner-border"></div></div></div><br />
<section  class='av_textblock_section av-1cb09r-2fec66d0fe38cf184ff56ea29d004b78 '   itemscope="itemscope" itemtype="https://schema.org/CreativeWork" ><div class='avia_textblock'  itemprop="text" ><p>Stephan Buser schloss im Jahre 2019 das Studium der Rechtswissenschaften mit Vertiefung im Wirtschaftsrecht an der Universität Basel ab. Danach war er als Substitut in einer renommierten Wirtschaftskanzlei in Zürich und als Volontär am Kantonsgericht Basel-Landschaft tätig. Im Jahre 2021 wurde er in Basel als Advokat zugelassen und trat 2022 in das Büro von böckli bühler partner ein.</p>
<p>Zu den Tätigkeitsschwerpunkten von Stephan Buser zählen das Vertrags- und Gesellschaftsrecht, insbesondere das Aktienrecht, sowie die private Vermögensplanung und Nachfolge.</p>
<p>Stephan Buser berät Klienten in deutscher und englischer Sprache.</p>
</div></section><br />

<style type="text/css" data-created_by="avia_inline_auto" id="style-css-av-18upqf-4eaf07564ead759af322ef731f65cb30">
#top .hr.hr-invisible.av-18upqf-4eaf07564ead759af322ef731f65cb30{
height:40px;
}
</style>
<div  class='hr av-18upqf-4eaf07564ead759af322ef731f65cb30 hr-invisible  avia-builder-el-4  el_after_av_textblock  el_before_av_textblock '><span class='hr-inner '><span class="hr-inner-style"></span></span></div><br />
<section  class='av_textblock_section av-12r8hz-0f7999a71d603ad4c62fbc58ea4bc475 '   itemscope="itemscope" itemtype="https://schema.org/CreativeWork" ><div class='avia_textblock'  itemprop="text" ><p><strong>Tätigkeitsbereiche:</strong></p>
<p><a href="https://www.boeckli-buehler.ch/services/unternehmen-und-vertraege/">Unternehmen und Verträge</a><br />
<a href="https://www.boeckli-buehler.ch/services/vermoegensplanung-und-nachfolge/">Vermögensplanung und -nachfolge</a><br />
<a href="https://www.boeckli-buehler.ch/services/kunst-und-kultur/">Kunst und Kultur</a></p>
</div></section></p></div>

<style type="text/css" data-created_by="avia_inline_auto" id="style-css-av-x58w7-cfd5edab1911b6986ed32e4378c928ad">
.flex_column.av-x58w7-cfd5edab1911b6986ed32e4378c928ad{
border-radius:0px 0px 0px 0px;
padding:0px 0px 0px 0px;
}
</style>
<div  class='flex_column av-x58w7-cfd5edab1911b6986ed32e4378c928ad av_one_third  avia-builder-el-6  el_after_av_two_third  avia-builder-el-last  flex_column_div av-zero-column-padding  '     ><p>
<style type="text/css" data-created_by="avia_inline_auto" id="style-css-av-l50uwql7-a6517494bccafe865c58b9462e84aa8e">
.avia-image-container.av-l50uwql7-a6517494bccafe865c58b9462e84aa8e img.avia_image{
box-shadow:none;
}
.avia-image-container.av-l50uwql7-a6517494bccafe865c58b9462e84aa8e .av-image-caption-overlay-center{
color:#ffffff;
}
</style>
<div  class='avia-image-container av-l50uwql7-a6517494bccafe865c58b9462e84aa8e av-styling- avia-align-right  avia-builder-el-7  el_before_av_hr  avia-builder-el-first '   itemprop="image" itemscope="itemscope" itemtype="https://schema.org/ImageObject" ><div class="avia-image-container-inner"><div class="avia-image-overlay-wrap"><img decoding="async" fetchpriority="high" class='wp-image-3554 avia-img-lazy-loading-not-3554 avia_image ' src="https://www.boeckli-buehler.ch/wp-content/uploads/2022/06/SB.jpg" alt='' title='SB'  height="650" width="500"  itemprop="thumbnailUrl" srcset="https://www.boeckli-buehler.ch/wp-content/uploads/2022/06/SB.jpg 500w, https://www.boeckli-buehler.ch/wp-content/uploads/2022/06/SB-231x300.jpg 231w, https://www.boeckli-buehler.ch/wp-content/uploads/2022/06/SB-450x585.jpg 450w" sizes="(max-width: 500px) 100vw, 500px" /></div></div></div><br />

<style type="text/css" data-created_by="avia_inline_auto" id="style-css-av-20t8v-6b225f9e045032fc2ba12899b3b9009a">
#top .hr.hr-invisible.av-20t8v-6b225f9e045032fc2ba12899b3b9009a{
height:20px;
}
</style>
<div  class='hr av-20t8v-6b225f9e045032fc2ba12899b3b9009a hr-invisible  avia-builder-el-8  el_after_av_image  el_before_av_textblock '><span class='hr-inner '><span class="hr-inner-style"></span></span></div><br />
<section  class='av_textblock_section av-f05bj-0d4146e488513f52243579ea0ce1c5ad '   itemscope="itemscope" itemtype="https://schema.org/CreativeWork" ><div class='avia_textblock'  itemprop="text" ><p style="text-align: center;">«Mein Ziel ist es, durch eine vorausschauende Denkweise künftige Probleme zu verhindern.»</p>
</div></section><br />
<section  class='av_textblock_section av-8i12v-aa6aa14c81b064fd17003e931f45dd17 '   itemscope="itemscope" itemtype="https://schema.org/CreativeWork" ><div class='avia_textblock'  itemprop="text" ><p style="text-align: center;"><a href="mailto:s.buser@boeckli-buehler.ch">E-Mail</a> | <a href="https://www.boeckli-buehler.ch/wp-content/uploads/Stephan_Buser.vcf">vCard</a></p>
<p style="text-align: center;">Assistentin: Lizge Deniz<br />
<a href="mailto:l.deniz@boeckli-buehler.ch">E-Mail</a></p>
</div></section></p></div>
