{"id":3910,"date":"2023-09-05T10:23:44","date_gmt":"2023-09-05T10:23:44","guid":{"rendered":"https:\/\/www.boeckli-buehler.ch\/?page_id=3910"},"modified":"2023-09-15T10:02:57","modified_gmt":"2023-09-15T10:02:57","slug":"allgemeinedatenschutzerklaerung","status":"publish","type":"page","link":"https:\/\/www.boeckli-buehler.ch\/de\/allgemeinedatenschutzerklaerung\/","title":{"rendered":"ALLGEMEINE DATENSCHUTZERKL\u00c4RUNG"},"content":{"rendered":"\n<style type=\"text\/css\" data-created_by=\"avia_inline_auto\" id=\"style-css-av-1kkqm4-a944a15e32604b29e338a97effaec2be\">\n.flex_column.av-1kkqm4-a944a15e32604b29e338a97effaec2be{\nborder-radius:0px 0px 0px 0px;\npadding:0px 0px 0px 0px;\n}\n<\/style>\n<div  class='flex_column av-1kkqm4-a944a15e32604b29e338a97effaec2be av_one_full  avia-builder-el-0  el_before_av_one_full  avia-builder-el-first  first flex_column_div av-zero-column-padding  '     ><style type=\"text\/css\" data-created_by=\"avia_inline_auto\" id=\"style-css-av-lm65aqyv-bb9d692012af4d6bc0dcbac52907c701\">\n#top .av-special-heading.av-lm65aqyv-bb9d692012af4d6bc0dcbac52907c701{\npadding-bottom:10px;\n}\nbody .av-special-heading.av-lm65aqyv-bb9d692012af4d6bc0dcbac52907c701 .av-special-heading-tag .heading-char{\nfont-size:25px;\n}\n.av-special-heading.av-lm65aqyv-bb9d692012af4d6bc0dcbac52907c701 .av-subheading{\nfont-size:15px;\n}\n<\/style>\n<div  class='av-special-heading av-lm65aqyv-bb9d692012af4d6bc0dcbac52907c701 av-special-heading-h1  avia-builder-el-1  avia-builder-el-no-sibling '><h1 class='av-special-heading-tag'  itemprop=\"headline\"  >Allgemeine Datenschutzerkl\u00e4rung<\/h1><div class=\"special-heading-border\"><div class=\"special-heading-inner-border\"><\/div><\/div><\/div><\/div>\n\n<style type=\"text\/css\" data-created_by=\"avia_inline_auto\" id=\"style-css-av-1778ic-b4da7b6374517607d5908a03da29b49b\">\n.flex_column.av-1778ic-b4da7b6374517607d5908a03da29b49b{\nborder-radius:0px 0px 0px 0px;\npadding:0px 0px 0px 0px;\n}\n<\/style>\n<div  class='flex_column av-1778ic-b4da7b6374517607d5908a03da29b49b av_one_full  avia-builder-el-2  el_after_av_one_full  avia-builder-el-last  first flex_column_div av-zero-column-padding  column-top-margin'     ><section  class='av_textblock_section av-144rno-f0ac5bf7a81da14e728266def4de4eaa '   itemscope=\"itemscope\" itemtype=\"https:\/\/schema.org\/CreativeWork\" ><div class='avia_textblock'  itemprop=\"text\" ><ol>\n<li>Wir bearbeiten Personendaten (Informationen \u00fcber Menschen), welche wir von Ihnen oder beteiligten Dritten erhalten oder die wir selbst erheben. Weiter bearbeiten wir Personendaten, welche wir durch unsere Mitarbeitenden sowie Besucher unserer Website erhalten. Verantwortlich f\u00fcr die in dieser Datenschutzerkl\u00e4rung beschriebene Bearbeitung von Personendaten ist b\u00f6ckli b\u00fchler partner, St. Jakobs-Strasse 41, 4052 Basel (BS), Schweiz.<\/li>\n<li>Einige der Personendaten \u00fcberlassen Sie bzw. die betroffenen Personen uns selbst, wenn Sie bzw. diese uns \u00fcber E-Mail oder per Telefon kontaktieren und unsere Dienstleistungen nachfragen. Dazu geh\u00f6ren z.B. Name und Kontaktdaten sowie Informationen \u00fcber die Rolle der betroffenen Person beim Unternehmen oder bei der Organisation, f\u00fcr welche Sie oder die jeweiligen Kontaktpersonen t\u00e4tig sind oder in deren Namen Sie bzw. diese uns kontaktieren. Wir bearbeiten zudem Personendaten, die wir in unserer Korrespondenz mit Dritten (namentlich Mandantschaft, Gegenparteien, Beh\u00f6rden und Gerichten und deren Mitarbeitenden oder weiteren Kontaktpersonen) im Rahmen des Mandatsverh\u00e4ltnisses erhalten (z.B. Name, Kontaktdaten, Geburtsdatum, Angaben zum Arbeitsverh\u00e4ltnis, zur Einkommenssituation, Familienverh\u00e4ltnissen oder zum Gesundheitszustand). Zudem erheben wir einige Personendaten selbst, z.B. aus \u00f6ffentlichen Registern oder auf Websites. Gewisse Personendaten \u00fcberlassen Sie uns zudem aufgrund eines Anstellungsverh\u00e4ltnisses zu uns oder durch den Besuch unserer Website.<\/li>\n<li>Alle diese Arten von Personendaten bearbeiten wir prim\u00e4r, um unsere Rechtsdienstleistungen zu erbringen, zu dokumentieren und abzurechnen. Die Personendaten \u00fcber unsere Mitarbeitenden bearbeiten wir zudem, soweit dies aufgrund des Anstellungsverh\u00e4ltnisses erforderlich ist.<\/li>\n<li>Zudem bearbeiten wir die Kontaktdaten von Mandanten bzw. ihrer Mitarbeitenden oder anderen Kontaktpersonen f\u00fcr Marketingzwecke (unter Einsatz jeglicher Kommunikationsmittel wie E-Mail, soziale Medien, Post oder Telefon), um \u00fcber Ver\u00f6ffentlichungen, Veranstaltungen, Neuigkeiten, Dienstleistungen oder Produkte, die von Interesse sein k\u00f6nnten, zu informieren.<\/li>\n<li>F\u00fcr die in dieser Datenschutzerkl\u00e4rung beschriebenen Zwecke kann es notwendig sein, dass wir die Personendaten an folgende Kategorien von Empf\u00e4ngern weitergeben: Externe Dienstleister, Mandantschaft, Gegenparteien und ihre Rechtsvertreterinnen, Gesch\u00e4ftspartner, mit denen wir die Rechtsdienstleistungserbringung allenfalls koordinieren m\u00fcssen, sowie Beh\u00f6rden und Gerichte.<\/li>\n<li>Die Personendaten bearbeiten wir in unserem Verantwortungsbereich in der Schweiz. Wir k\u00f6nnen die Personendaten aber an Empf\u00e4nger (namentlich Mandantschaft, Gegenparteien oder Beh\u00f6rden) \u00fcbermitteln, die ihrerseits die Personendaten in anderen L\u00e4ndern bearbeiten, einschliesslich solcher, die kein mit Schweizer Recht vergleichbares Datenschutzniveau gew\u00e4hrleisten. Letzteres werden wir basierend auf einer Einwilligung oder Standardvertragsklauseln tun, oder wenn es zur Erf\u00fcllung eines Vertrags oder zur Durchsetzung von Rechtsanspr\u00fcchen notwendig ist.<\/li>\n<li>Wir speichern die Personendaten nur so lange, wie dies zur Abwicklung des Mandatsverh\u00e4ltnisses notwendig ist, eine gesetzliche Aufbewahrungs- und Dokumentationspflicht besteht oder wir daran ein \u00fcberwiegendes privates oder \u00f6ffentliches Interesse haben. Wir treffen verh\u00e4ltnism\u00e4ssige und zumutbare Vorkehrungen zum Schutz von Personendaten vor Verlust, unberechtigter Ver\u00e4nderung oder unbefugten Zugriffen Dritter. Wenn Sie uns \u00fcber eine dritte Partei (z.B. \u00fcber Ihre Mitarbeitenden oder anderen Kontaktpersonen) Personendaten liefern, ist es an Ihnen, diese in allgemeiner Weise \u00fcber die Bearbeitung durch Rechtsdienstleister (wie wir) oder andere externe Dienstleister zu informieren (z.B. in einer Datenschutzerkl\u00e4rung f\u00fcr Mitarbeitende).<\/li>\n<li>Wir weisen Sie darauf hin, dass wir im Rahmen der Mandatsf\u00fchrung auf externe IT-Dienstleister zur\u00fcckgreifen. Wir setzen sodann bestimmte IT-Dienstleistungen sowie Kommunikationsmittel ein, welche mit Datensicherheitsrisiken verbunden sein k\u00f6nnen (z.B. E-Mail, Videokonferenzen). Es obliegt Ihnen, uns \u00fcber den Wunsch nach besonderen Sicherheitsmassnahmen zu orientieren.<\/li>\n<li>Wir haben ein den genannten Zwecken entsprechendes berechtigtes Interesse an der Bearbeitung der Personendaten. Einige Bearbeitungen sind zudem notwendig, damit wir unsere vertraglichen Pflichten Ihnen gegen\u00fcber oder unsere gesetzlichen Pflichten (z.B. Aufbewahrungspflichten) erf\u00fcllen k\u00f6nnen.<\/li>\n<li>Betroffene Personen haben insbesondere das Recht auf Auskunft der \u00fcber sie gespeicherten Personendaten und den Zweck der Datenbearbeitung, das Recht auf Berichtigung sowie auf L\u00f6schung oder Einschr\u00e4nkung der Bearbeitung ihrer Personendaten, das Recht, der Bearbeitung zu widersprechen, das Recht auf Ergreifung eines Rechtsbehelfes bei einer zust\u00e4ndigen Aufsichtsbeh\u00f6rde sowie auf Daten\u00fcbermittlung\/\u00dcbertragbarkeit. Beachten Sie aber bitte, dass f\u00fcr diese Rechte Voraussetzungen und Ausnahmen gelten. Soweit rechtlich zul\u00e4ssig oder erforderlich, k\u00f6nnen wir Anfragen zur Aus\u00fcbung dieser Rechte ablehnen. So d\u00fcrfen oder m\u00fcssen wir die Personendaten allenfalls trotz Aufforderung zur L\u00f6schung der Personendaten oder Einschr\u00e4nkung der Bearbeitung aus rechtlichen Gr\u00fcnden aufbewahren oder anderweitig weiterbearbeiten.<\/li>\n<li>Es ist keine Einwilligung seitens der Mandantschaft, ihrer Mitarbeitenden, anderen Kontaktpersonen, unseren Mitarbeitenden oder Besucher unserer Website in die Datenschutzerkl\u00e4rung notwendig. Es handelt sich bei der Datenschutzerkl\u00e4rung lediglich um die Information \u00fcber Art, Umfang und Zweck der Nutzung von Personendaten durch b\u00f6ckli b\u00fchler partner. Wir behalten uns das Recht vor, den Inhalt der vorgenannten Datenschutzerkl\u00e4rung jederzeit und ohne Ank\u00fcndigung einseitig zu \u00e4ndern. Es wird daher empfohlen, die Datenschutzerkl\u00e4rung von b\u00f6ckli b\u00fchler partner regelm\u00e4ssig auf unserer Website zu konsultieren.<\/li>\n<li>Bei Fragen oder wenn Sie bzw. Ihre Mitarbeitenden oder anderen Kontaktpersonen Ihre bzw. deren datenschutzrechtlichen Betroffenenrechte wahrnehmen m\u00f6chten, kontaktieren Sie uns bitte \u00fcber bbp@boeckli-buehler.ch oder schreiben Sie an b\u00f6ckli b\u00fchler partner, St. Jakobs-Strasse 41, Postfach 2348, CH-4002 Basel (BS), Schweiz.<\/li>\n<\/ol>\n<\/div><\/section><\/div>\n","protected":false},"excerpt":{"rendered":"","protected":false},"author":3,"featured_media":0,"parent":0,"menu_order":5,"comment_status":"closed","ping_status":"closed","template":"","meta":{"footnotes":""},"_links":{"self":[{"href":"https:\/\/www.boeckli-buehler.ch\/de\/wp-json\/wp\/v2\/pages\/3910"}],"collection":[{"href":"https:\/\/www.boeckli-buehler.ch\/de\/wp-json\/wp\/v2\/pages"}],"about":[{"href":"https:\/\/www.boeckli-buehler.ch\/de\/wp-json\/wp\/v2\/types\/page"}],"author":[{"embeddable":true,"href":"https:\/\/www.boeckli-buehler.ch\/de\/wp-json\/wp\/v2\/users\/3"}],"replies":[{"embeddable":true,"href":"https:\/\/www.boeckli-buehler.ch\/de\/wp-json\/wp\/v2\/comments?post=3910"}],"version-history":[{"count":3,"href":"https:\/\/www.boeckli-buehler.ch\/de\/wp-json\/wp\/v2\/pages\/3910\/revisions"}],"predecessor-version":[{"id":4085,"href":"https:\/\/www.boeckli-buehler.ch\/de\/wp-json\/wp\/v2\/pages\/3910\/revisions\/4085"}],"wp:attachment":[{"href":"https:\/\/www.boeckli-buehler.ch\/de\/wp-json\/wp\/v2\/media?parent=3910"}],"curies":[{"name":"wp","href":"https:\/\/api.w.org\/{rel}","templated":true}]}}

ALLGEMEINE DATENSCHUTZERKLÄRUNG

<style type="text/css" data-created_by="avia_inline_auto" id="style-css-av-1kkqm4-a944a15e32604b29e338a97effaec2be">
.flex_column.av-1kkqm4-a944a15e32604b29e338a97effaec2be{
border-radius:0px 0px 0px 0px;
padding:0px 0px 0px 0px;
}
</style>
<div  class='flex_column av-1kkqm4-a944a15e32604b29e338a97effaec2be av_one_full  avia-builder-el-0  el_before_av_one_full  avia-builder-el-first  first flex_column_div av-zero-column-padding  '     ><style type="text/css" data-created_by="avia_inline_auto" id="style-css-av-lm65aqyv-bb9d692012af4d6bc0dcbac52907c701">
#top .av-special-heading.av-lm65aqyv-bb9d692012af4d6bc0dcbac52907c701{
padding-bottom:10px;
}
body .av-special-heading.av-lm65aqyv-bb9d692012af4d6bc0dcbac52907c701 .av-special-heading-tag .heading-char{
font-size:25px;
}
.av-special-heading.av-lm65aqyv-bb9d692012af4d6bc0dcbac52907c701 .av-subheading{
font-size:15px;
}
</style>
<div  class='av-special-heading av-lm65aqyv-bb9d692012af4d6bc0dcbac52907c701 av-special-heading-h1  avia-builder-el-1  avia-builder-el-no-sibling '><h1 class='av-special-heading-tag'  itemprop="headline"  >Allgemeine Datenschutzerklärung</h1><div class="special-heading-border"><div class="special-heading-inner-border"></div></div></div></div>

<style type="text/css" data-created_by="avia_inline_auto" id="style-css-av-1778ic-b4da7b6374517607d5908a03da29b49b">
.flex_column.av-1778ic-b4da7b6374517607d5908a03da29b49b{
border-radius:0px 0px 0px 0px;
padding:0px 0px 0px 0px;
}
</style>
<div  class='flex_column av-1778ic-b4da7b6374517607d5908a03da29b49b av_one_full  avia-builder-el-2  el_after_av_one_full  avia-builder-el-last  first flex_column_div av-zero-column-padding  column-top-margin'     ><section  class='av_textblock_section av-144rno-f0ac5bf7a81da14e728266def4de4eaa '   itemscope="itemscope" itemtype="https://schema.org/CreativeWork" ><div class='avia_textblock'  itemprop="text" ><ol>
<li>Wir bearbeiten Personendaten (Informationen über Menschen), welche wir von Ihnen oder beteiligten Dritten erhalten oder die wir selbst erheben. Weiter bearbeiten wir Personendaten, welche wir durch unsere Mitarbeitenden sowie Besucher unserer Website erhalten. Verantwortlich für die in dieser Datenschutzerklärung beschriebene Bearbeitung von Personendaten ist böckli bühler partner, St. Jakobs-Strasse 41, 4052 Basel (BS), Schweiz.</li>
<li>Einige der Personendaten überlassen Sie bzw. die betroffenen Personen uns selbst, wenn Sie bzw. diese uns über E-Mail oder per Telefon kontaktieren und unsere Dienstleistungen nachfragen. Dazu gehören z.B. Name und Kontaktdaten sowie Informationen über die Rolle der betroffenen Person beim Unternehmen oder bei der Organisation, für welche Sie oder die jeweiligen Kontaktpersonen tätig sind oder in deren Namen Sie bzw. diese uns kontaktieren. Wir bearbeiten zudem Personendaten, die wir in unserer Korrespondenz mit Dritten (namentlich Mandantschaft, Gegenparteien, Behörden und Gerichten und deren Mitarbeitenden oder weiteren Kontaktpersonen) im Rahmen des Mandatsverhältnisses erhalten (z.B. Name, Kontaktdaten, Geburtsdatum, Angaben zum Arbeitsverhältnis, zur Einkommenssituation, Familienverhältnissen oder zum Gesundheitszustand). Zudem erheben wir einige Personendaten selbst, z.B. aus öffentlichen Registern oder auf Websites. Gewisse Personendaten überlassen Sie uns zudem aufgrund eines Anstellungsverhältnisses zu uns oder durch den Besuch unserer Website.</li>
<li>Alle diese Arten von Personendaten bearbeiten wir primär, um unsere Rechtsdienstleistungen zu erbringen, zu dokumentieren und abzurechnen. Die Personendaten über unsere Mitarbeitenden bearbeiten wir zudem, soweit dies aufgrund des Anstellungsverhältnisses erforderlich ist.</li>
<li>Zudem bearbeiten wir die Kontaktdaten von Mandanten bzw. ihrer Mitarbeitenden oder anderen Kontaktpersonen für Marketingzwecke (unter Einsatz jeglicher Kommunikationsmittel wie E-Mail, soziale Medien, Post oder Telefon), um über Veröffentlichungen, Veranstaltungen, Neuigkeiten, Dienstleistungen oder Produkte, die von Interesse sein könnten, zu informieren.</li>
<li>Für die in dieser Datenschutzerklärung beschriebenen Zwecke kann es notwendig sein, dass wir die Personendaten an folgende Kategorien von Empfängern weitergeben: Externe Dienstleister, Mandantschaft, Gegenparteien und ihre Rechtsvertreterinnen, Geschäftspartner, mit denen wir die Rechtsdienstleistungserbringung allenfalls koordinieren müssen, sowie Behörden und Gerichte.</li>
<li>Die Personendaten bearbeiten wir in unserem Verantwortungsbereich in der Schweiz. Wir können die Personendaten aber an Empfänger (namentlich Mandantschaft, Gegenparteien oder Behörden) übermitteln, die ihrerseits die Personendaten in anderen Ländern bearbeiten, einschliesslich solcher, die kein mit Schweizer Recht vergleichbares Datenschutzniveau gewährleisten. Letzteres werden wir basierend auf einer Einwilligung oder Standardvertragsklauseln tun, oder wenn es zur Erfüllung eines Vertrags oder zur Durchsetzung von Rechtsansprüchen notwendig ist.</li>
<li>Wir speichern die Personendaten nur so lange, wie dies zur Abwicklung des Mandatsverhältnisses notwendig ist, eine gesetzliche Aufbewahrungs- und Dokumentationspflicht besteht oder wir daran ein überwiegendes privates oder öffentliches Interesse haben. Wir treffen verhältnismässige und zumutbare Vorkehrungen zum Schutz von Personendaten vor Verlust, unberechtigter Veränderung oder unbefugten Zugriffen Dritter. Wenn Sie uns über eine dritte Partei (z.B. über Ihre Mitarbeitenden oder anderen Kontaktpersonen) Personendaten liefern, ist es an Ihnen, diese in allgemeiner Weise über die Bearbeitung durch Rechtsdienstleister (wie wir) oder andere externe Dienstleister zu informieren (z.B. in einer Datenschutzerklärung für Mitarbeitende).</li>
<li>Wir weisen Sie darauf hin, dass wir im Rahmen der Mandatsführung auf externe IT-Dienstleister zurückgreifen. Wir setzen sodann bestimmte IT-Dienstleistungen sowie Kommunikationsmittel ein, welche mit Datensicherheitsrisiken verbunden sein können (z.B. E-Mail, Videokonferenzen). Es obliegt Ihnen, uns über den Wunsch nach besonderen Sicherheitsmassnahmen zu orientieren.</li>
<li>Wir haben ein den genannten Zwecken entsprechendes berechtigtes Interesse an der Bearbeitung der Personendaten. Einige Bearbeitungen sind zudem notwendig, damit wir unsere vertraglichen Pflichten Ihnen gegenüber oder unsere gesetzlichen Pflichten (z.B. Aufbewahrungspflichten) erfüllen können.</li>
<li>Betroffene Personen haben insbesondere das Recht auf Auskunft der über sie gespeicherten Personendaten und den Zweck der Datenbearbeitung, das Recht auf Berichtigung sowie auf Löschung oder Einschränkung der Bearbeitung ihrer Personendaten, das Recht, der Bearbeitung zu widersprechen, das Recht auf Ergreifung eines Rechtsbehelfes bei einer zuständigen Aufsichtsbehörde sowie auf Datenübermittlung/Übertragbarkeit. Beachten Sie aber bitte, dass für diese Rechte Voraussetzungen und Ausnahmen gelten. Soweit rechtlich zulässig oder erforderlich, können wir Anfragen zur Ausübung dieser Rechte ablehnen. So dürfen oder müssen wir die Personendaten allenfalls trotz Aufforderung zur Löschung der Personendaten oder Einschränkung der Bearbeitung aus rechtlichen Gründen aufbewahren oder anderweitig weiterbearbeiten.</li>
<li>Es ist keine Einwilligung seitens der Mandantschaft, ihrer Mitarbeitenden, anderen Kontaktpersonen, unseren Mitarbeitenden oder Besucher unserer Website in die Datenschutzerklärung notwendig. Es handelt sich bei der Datenschutzerklärung lediglich um die Information über Art, Umfang und Zweck der Nutzung von Personendaten durch böckli bühler partner. Wir behalten uns das Recht vor, den Inhalt der vorgenannten Datenschutzerklärung jederzeit und ohne Ankündigung einseitig zu ändern. Es wird daher empfohlen, die Datenschutzerklärung von böckli bühler partner regelmässig auf unserer Website zu konsultieren.</li>
<li>Bei Fragen oder wenn Sie bzw. Ihre Mitarbeitenden oder anderen Kontaktpersonen Ihre bzw. deren datenschutzrechtlichen Betroffenenrechte wahrnehmen möchten, kontaktieren Sie uns bitte über bbp@boeckli-buehler.ch oder schreiben Sie an böckli bühler partner, St. Jakobs-Strasse 41, Postfach 2348, CH-4002 Basel (BS), Schweiz.</li>
</ol>
</div></section></div>
